 t(r) = 22*r - 8. Let f(x) = x - 1. Let b be f(7). Let w be t(b). Suppose 0 = 4*n + 5*z - w, -2*z = -5*n + 75 + 80. Is n a composite number?
False
Suppose -n = -4 + 20. Is (-4)/n - 355/(-4) a composite number?
False
Let y = -166 + 585. Is y a prime number?
True
Suppose -3*l = -2290 - 1655. Is l a prime number?
False
Let y = 3850 - 2699. Is y prime?
True
Let a = 34 + -4. Suppose 5*k = z + 93, -a = -k + 4*z - 0*z. Suppose w + k = -f + 76, -63 = -f - 2*w. Is f a composite number?
False
Let f be (0 - 1)*(-15)/5. Suppose -v = -5*b + 3, -v = b - 0*v + f. Let m = 89 + b. Is m composite?
False
Suppose 19 = 2*n - 41. Let d be 6/4*n/9. Suppose 2*f = -d + 43. Is f a prime number?
True
Let u = -47 - -93. Suppose c - u = 43. Is c a composite number?
False
Suppose 6*o - 5*o = -4*m + 3968, m - 4*o = 975. Is m prime?
True
Let f = 24 - 34. Let v = 43 + f. Is v a composite number?
True
Let s be ((-12)/10)/(6/(-1335)). Let d = -76 + s. Is d a prime number?
True
Let j(s) = 330*s**2 + 2*s - 1. Is j(1) a composite number?
False
Suppose 3*n = 5*i + 306, -5*i = n - 5*n + 308. Let x = i + 115. Suppose -5*j + 345 = 5*h, 3*h + x - 396 = -5*j. Is j a composite number?
False
Suppose 4*g = 11*g - 2051. Is g a prime number?
True
Let t = 608 - 338. Let j = -47 + t. Is j prime?
True
Let z(i) = -5*i - 4. Let n be z(-5). Let f = n + -9. Suppose -5*r - f = -62. Is r composite?
True
Let u(z) = -z**2 + 4*z + 6. Let t be u(5). Is (1 + t)*447/6 a prime number?
True
Let v = 1 + 1. Is 6 - (-3)/2*v composite?
True
Suppose -1794 = -o - o + 5*n, 0 = o - n - 903. Is o a composite number?
False
Suppose -5*d + 1435 = 4*f, -6*d + 597 = -4*d - 3*f. Is d a composite number?
True
Let t be 15/20 + 13/4. Suppose 2*c - t*h - 1408 = 0, -4*c = 2*h - 0*h - 2766. Suppose 0 = 4*i + 98 - c. Is i a prime number?
True
Let m(b) = -59*b + 3. Is m(-2) prime?
False
Let o(w) = 2*w**2 + w + 28. Is o(9) composite?
False
Let s(m) = -38*m + 5. Is s(-3) a composite number?
True
Let h be 4/3*3/2. Suppose 0 = 4*x - 12, k - h*x = -5*x + 54. Let l = k - -42. Is l prime?
False
Let o = -209 + 348. Is o prime?
True
Let m = 1493 + -1008. Is m a prime number?
False
Let x(o) = 2*o**3 + o**2 - o - 5. Let n be x(4). Suppose n = 3*w - 6*w. Let m = 50 - w. Is m prime?
False
Let w(c) = -c + 169. Let s be w(0). Let a(v) = -v**3 - v**2 + 2. Let d be a(-5). Let f = s - d. Is f a prime number?
True
Suppose -a = -5*u + 277, 112 = 2*u - 5*a + 4*a. Suppose o + k - 1 = 0, -2*o - 11 = -3*o + 4*k. Suppose o*t - 18 = -2*i + u, -68 = -3*t - i. Is t composite?
True
Suppose j = 2*j - 317. Is j composite?
False
Suppose d - 2615 = -3*l, -3*d + 0*l - 5*l = -7837. Is d composite?
False
Suppose 41*h = 45*h - 476. Is h a composite number?
True
Let a(w) = w**3 - 12*w**2 + 3*w + 6. Let h be a(9). Let n = 333 + h. Is n prime?
False
Let t = -2 + 2. Suppose n = 2*i - 5, 2*n + t*i + 14 = 5*i. Is (-6 - 1)*(-15)/n a prime number?
False
Let k = -9127 + 13406. Is k a composite number?
True
Suppose 2*l = -2*l - 644. Let o = 230 + l. Is o prime?
False
Let t(w) = 49*w**2 - 4*w - 2. Let s(v) = -v**2 - v - 1. Let i(m) = -5*s(m) + t(m). Is i(2) prime?
False
Suppose 9 = -u + v, 12 = -3*u + u - v. Let w(o) = o**2 - o - 13. Is w(u) prime?
True
Let k = 37 + -4. Is k composite?
True
Let w(u) = -u**2 - 5*u + 8. Suppose 0 = 5*b + 5*a + 55, -4*a - 20 = -0. Let i be w(b). Suppose i*c = -3*t + 43, c = 3*c - t - 47. Is c a composite number?
False
Let c = 186 - 92. Let f = 213 - c. Is f composite?
True
Let h = 88 - -1825. Is h a prime number?
True
Suppose -3*i - 5*l - 18 = -10*l, -3*l + 24 = -4*i. Suppose 5*f + 36 = 3*f. Is i/9*f/4 prime?
True
Suppose -2*u = -i - 10, -2*i + 0 = -u + 11. Is (-106)/(-8) + 1/i composite?
False
Suppose l + 4*l - 20 = 0. Suppose -5*m + 2*g = -0*m, 0 = -2*g. Suppose m = -t + 2 + l. Is t a composite number?
True
Is (-368)/(-24)*(-39)/(-2) a composite number?
True
Let k be 2 + (2 - 0) + -4. Suppose k = 3*r + 2*r. Suppose 0 = -t - r*t + 7. Is t composite?
False
Let h = 1640 + -961. Is h composite?
True
Let p = 8 - 4. Suppose 0 = -8*z + p*z + 28. Is z a prime number?
True
Suppose 4*z + 2*f = 74, 3*z + f + f = 58. Let w = z + 28. Suppose -3*j + 2*m - m + w = 0, -5*m = 10. Is j composite?
True
Let a be (-1 - 0)/((-3)/(-12)). Is 1/a + 1524/16 a composite number?
True
Let y = -211 - -320. Is y a composite number?
False
Let b(h) be the second derivative of h**5/4 - 5*h**4/12 + h**3/3 + h**2/2 - 2*h. Is b(3) prime?
True
Let z(u) = 49*u**2. Is z(-1) prime?
False
Suppose 0 = -p + 4*j + 373, -2*p + 6*p = -j + 1509. Is p a composite number?
True
Suppose 0 = -3*b + 4*i + 1121, 4*b + i - 1508 = 3*i. Is b prime?
True
Suppose 4*p - 3*r = 1013, 0*p + 517 = 2*p - 5*r. Is p prime?
True
Let j be 1/(-3)*-3 + -108. Let d = j - -166. Is d a composite number?
False
Let v(r) = 3*r**2 + 4*r - 4. Is v(-9) prime?
False
Suppose 0 = c - 134 - 79. Is c composite?
True
Let y(b) = 3*b**3 - b**2 + 5*b - 4. Let v be y(3). Suppose -c - 2*o + 19 = 0, -3*c = o + 16 - v. Is c a composite number?
False
Let o(p) = p**3 - 13*p**2 + 13*p + 16. Let f(z) = -z**2 - 18*z + 13. Let d be f(-18). Is o(d) a composite number?
True
Let o(r) be the third derivative of -r**6/120 - 3*r**5/20 - r**4/24 + r**3/6 - 3*r**2. Is o(-9) prime?
False
Suppose -4*f + 5*h + 21 = 0, h - 10 = -3*f - h. Is 4/(f/3)*19 a composite number?
True
Suppose t + 3*t + 3*r = -11, 0 = 2*t - r + 3. Is 37/2 - t/4 a prime number?
True
Let t = -69 + 102. Is t a composite number?
True
Suppose 0*f - 166 = -2*f. Let a be -3*(-2)/(-6)*-1. Suppose -4*x + a = -f. Is x a prime number?
False
Let p = 0 + 2. Suppose 0 = -n - m + 27, -m - 3*m + 46 = p*n. Is n a composite number?
False
Suppose -2*d + 2*p = p - 2, -5*d = p + 2. Suppose d = -4*w + 179 + 129. Is w composite?
True
Is 2/(-7) - 219/(-7) a prime number?
True
Let w = 226 + -107. Is w prime?
False
Let v = -32558 + 22385. Is v/(-27) + 10/45 a composite number?
True
Let m(s) = -4*s + 31. Is m(0) a composite number?
False
Let x(v) = -2*v**3 + 6*v**2 + 13*v + 10. Is x(-9) prime?
False
Suppose 61*i - 447 = 58*i. Is i a composite number?
False
Let q be 2 + 9/(-3) - -3. Suppose -2*x + 1022 = q*x + 5*z, 3*x - 755 = 2*z. Is x prime?
False
Suppose -2*a - 4*t = 34 - 568, -5*a - 4*t + 1305 = 0. Is a a composite number?
False
Suppose -d + 650 = 3*u, -d = -5*u + 1408 - 330. Suppose -3*g + 3*j = -u, 5*g - 242 - 78 = -5*j. Let s = g - -51. Is s composite?
True
Let w be 4/(-14) - (-158)/14. Let f(c) = 3*c**3 + 17*c**2 + 3*c - 31. Let q(t) = -2*t**3 - 8*t**2 - t + 16. Let u(h) = 3*f(h) + 5*q(h). Is u(w) composite?
False
Suppose 0 = -0*s - 2*s - 10. Let j be 24/(-20) + (-1)/s. Is (94*-1)/(2*j) a composite number?
False
Suppose 3*x + x - 3*u - 37 = 0, -3*x = 4*u - 9. Let s = x - 2. Suppose 2*f = 5*z - 76, -s*f - 57 = -5*z + 2*z. Is z a prime number?
False
Let f(z) = 21*z**3 + 7*z**2 - 16*z - 1. Is f(5) a prime number?
True
Let o(d) = d**2 - 6*d - 2. Let q = 15 + -9. Let g be o(q). Let t(l) = -14*l - 2. Is t(g) a composite number?
True
Let g = -45 + -28. Let i = g - -128. Is i composite?
True
Suppose 5*b - 10 = 0, 0 = -4*p + b + 10. Suppose -4*s - 4*m + 72 = -52, -4*s + p*m + 152 = 0. Is s a composite number?
True
Let m be 24/3*3/6. Is ((-78)/m)/(3/(-6)) a composite number?
True
Suppose 0 = 6*f + 5*f - 4169. Is f composite?
False
Let b be 9/15 - 6/10. Suppose 7*f - 6*f - 217 = b. Is f a composite number?
True
Let k = 2103 - 756. Is k a composite number?
True
Is (68/(-2))/((-6)/9) a composite number?
True
Let h = -615 - -934. Is h a prime number?
False
Let x(r) = r**2 - 5*r - 11. Is x(-8) prime?
False
Suppose 2035 = 3*t - 4*x, 3*t + 4*x - 869 - 1158 = 0. Is t a composite number?
False
Let r(q) = q - 1. Let a be r(4). Suppose -5 = 3*c + 2*p - p, -5*p - 25 = 3*c. Suppose 3*i + 12 = c, 0 = a*k - i - 137 + 19. Is k prime?
False
Suppose -5*h + 7 = -18. Suppose 0 = h*s - 2*o + 7, 5*s = -0*o - 2*o - 23. Let a(y) = 6*y**2 + 4*y + 1. Is a(s) prime?
True
Suppose 0 = -3*z + 434 + 64. Is z prime?
False
Let h be ((2 - 2)/3)/2. Suppose h = -4*y + y + 633. Is y a prime number?
True
Suppose 2*p + 0*p + 3*v = 4357, 4360 = 2*p + 2*v. Is p prime?
False
Is 132 + 3/((-15)/5) a composite number?
False
Let p be (-7)/(21/36) - -3. Let r(l) = -l - 13. Let a be r(p). Let k(b) = b**3 + 7*b**2 + 3*b + 1. Is k(a) composite?
False
Let 